.
2, 389
List the prime factors of 4395.
3, 5, 293
List the prime factors of 178219.
31, 5749
What are the prime factors of 29067?
3, 9689
List the prime factors of 1122.
2, 3, 11, 17
List the prime factors of 1196.
2, 13, 23
List the prime factors of 1541.
23, 67
List the prime factors of 1877.
1877
List the prime factors of 67093.
13, 397
List the prime factors of 851.
23, 37
List the prime factors of 1725.
3, 5, 23
List the prime factors of 9716.
2, 7, 347
What are the prime factors of 14567?
7, 2081
What are the prime factors of 56?
2, 7
List the prime factors of 1674.
2, 3, 31
What are the prime factors of 13386?
2, 3, 23, 97
What are the prime factors of 6528?
2, 3, 17
List the prime factors of 12603.
3, 4201
What are the prime factors of 74142?
2, 3, 1373
List the prime factors of 275.
5, 11
List the prime factors of 2890.
2, 5, 17
List the prime factors of 1266.
2, 3, 211
What are the prime factors of 2823?
3, 941
List the prime factors of 956.
2, 239
What are the prime factors of 62583?
3, 23, 907
What are the prime factors of 1251?
3, 139
List the prime factors of 2013.
3, 11, 61
List the prime factors of 39705.
3, 5, 2647
List the prime factors of 18354.
2, 3, 7, 19, 23
What are the prime factors of 671?
11, 61
List the prime factors of 3771.
3, 419
What are the prime factors of 735?
3, 5, 7
What are the prime factors of 415?
5, 83
What are the prime factors of 239?
239
List the prime factors of 5998.
2, 2999
What are the prime factors of 8282?
2, 41, 101
What are the prime factors of 84114?
2, 3, 4673
List the prime factors of 27851.
27851
What are the prime factors of 10351?
11, 941
What are the prime factors of 174?
2, 3, 29
What are the prime factors of 636?
2, 3, 53
List the prime factors of 37380.
2, 3, 5, 7, 89
List the prime factors of 66869.
11, 6079
List the prime factors of 8128.
2, 127
List the prime factors of 384.
2, 3
What are the prime factors of 389?
389
What are the prime factors of 325?
5, 13
List the prime factors of 1961.
37, 53
List the prime factors of 2177.
7, 311
List the prime factors of 23929.
23929
List the prime factors of 10304.
2, 7, 23
What are the prime factors of 10409?
7, 1487
What are the prime factors of 544?
2, 17
List the prime factors of 7460.
2, 5, 373
List the prime factors of 1621.
1621
What are the prime factors of 8481?
3, 11, 257
List the prime factors of 1615.
5, 17, 19
What are the prime factors of 1453?
1453
What are the prime factors of 99368?
2, 12421
What are the prime factors of 251?
251
What are the prime factors of 46601?
46601
List the prime factors of 10146.
2, 3, 19, 89
List the prime factors of 8183.
7, 167
List the prime factors of 2602.
2, 1301
List the prime factors of 119.
7, 17
List the prime factors of 980.
2, 5, 7
What are the prime factors of 7293?
3, 11, 13, 17
What are the prime factors of 5367?
3, 1789
List the prime factors of 16726.
2, 8363
List the prime factors of 4304.
2, 269
List the prime factors of 8300.
2, 5, 83
What are the prime factors of 174?
2, 3, 29
What are the prime factors of 14?
2, 7
List the prime factors of 26553.
3, 53, 167
What are the prime factors of 862?
2, 431
List the prime factors of 2232.
2, 3, 31
List the prime factors of 6119.
29, 211
What are the prime factors of 5639?
5639
What are the prime factors of 104?
2, 13
What are the prime factors of 1971?
3, 73
What are the prime factors of 2814?
2, 3, 7, 67
List the prime factors of 112436.
2, 28109
List the prime factors of 1414.
2, 7, 101
List the prime factors of 2477.
2477
List the prime factors of 1837.
11, 167
What are the prime factors of 18495?
3, 5, 137
List the prime factors of 32159.
32159
List the prime factors of 1830.
2, 3, 5, 61
List the prime factors of 815.
5, 163
What are the prime factors of 81459?
3, 7, 431
List the prime factors of 1450.
2, 5, 29
What are the prime factors of 3968?
2, 31
What are the prime factors of 28440?
2, 3, 5, 79
List the prime factors of 9906.
2, 3, 13, 127
What are the prime factors of 57461?
37, 1553
What are the prime factors of 3834?
2, 3, 71
What are the prime factors of 593?
593
What are the prime factors of 1859?
11, 13
What are the prime factors of 5622?
2, 3, 937
List the prime factors of 34413.
3, 11471
List the prime factors of 745.
5, 149
List the prime factors of 1720.
2, 5, 43
What are the prime factors of 16809?
3, 13, 431
List the prime factors of 22191.
3, 13, 569
What are the prime factors of 32618?
2, 47, 347
What are the prime factors of 4208?
2, 263
List the prime factors of 43624.
2, 7, 19, 41
What are the prime factors of 2866?
2, 1433
List the prime factors of 1099.
7, 157
What are the prime factors of 20920?
2, 5, 523
What are the prime factors of 8884?
2, 2221
List the prime factors of 162251.
162251
What are the prime factors of 6580?
2, 5, 7, 47
What are the prime factors of 33156?
2, 3, 307
What are the prime factors of 9509?
37, 257
What are the prime factors of 69419?
7, 47, 211
List the prime factors of 62298.
2, 3, 3461
What are the prime factors of 5023?
5023
List the prime factors of 1548.
2, 3, 43
What are the prime factors of 464?
2, 29
List the prime factors of 23617.
11, 19, 113
What are the prime factors of 4913?
17
What are the prime factors of 235?
5, 47
List the prime factors of 16901.
16901
What are the prime factors of 1048?
2, 131
List the prime factors of 177.
3, 59
List the prime factors of 29202.
2, 3, 31, 157
List the prime factors of 5557.
5557
What are the prime factors of 4150?
2, 5, 83
What are the prime factors of 2732?
2, 683
What are the prime factors of 11060?
2, 5, 7, 79
List the prime factors of 46634.
2, 7, 3331
List the prime factors of 5026.
2, 7, 359
What are the prime factors of 1651?
13, 127
List the prime factors of 415.
5, 83
List the prime factors of 11706.
2, 3, 1951
List the prime factors of 25073.
25073
List the prime factors of 3874.
2, 13, 149
List the prime factors of 589.
19, 31
What are the prime factors of 162?
2, 3
List the prime factors of 985.
5, 197
List the prime factors of 2909.
2909
List the prime factors of 85820.
2, 5, 7, 613
What are the prime factors of 4990?
2, 5, 499
List the prime factors of 54858.
2, 3, 41, 223
What are the prime factors of 216?
2, 3
What are the prime factors of 106975?
5, 11, 389
What are the prime factors of 1391?
13, 107
List the prime factors of 23931.
3, 2659
What are the prime factors of 1529?
11, 139
List the prime factors of 8352.
2, 3, 29
List the prime factors of 5540.
2, 5, 277
What are the prime factors of 1533?
3, 7, 73
What are the prime factors of 7953?
3, 11, 241
What are the prime factors of 7250?
2, 5, 29
What are the prime factors of 1719?
3, 191
List the prime factors of 10067.
10067
What are the prime factors of 17910?
2, 3, 5, 199
List the prime factors of 1526.
2, 7, 109
List the prime factors of 1429.
1429
List the prime factors of 6020.
2, 5, 7, 43
What are the prime factors of 10117?
67, 151
List the prime factors of 12278.
2, 7, 877
List the prime factors of 978.
2, 3, 163
List the prime factors of 9285.
3, 5, 619
What are the prime factors of 2160?
2, 3, 5
List the prime factors of 60097.
19, 3163
List the prime factors of 24450.
2, 3, 5, 163
What are the prime factors of 7440?
2, 3, 5, 31
What are the prime factors of 27308?
2, 6827
List the prime factors of 185.
5, 37
List the prime factors of 59578.
2, 29789
What are the prime factors of 1098?
2, 3, 61
List the prime factors of 49254.
2, 3, 8209
List the prime factors of 51516.
2, 3, 53
What are the prime factors of 6103?
17, 359
List the prime factors of 1800.
2, 3, 5
What are the prime factors of 17858?
2, 8929
List the prime factors of 25327.
19, 31, 43
List the prime factors of 135536.
2, 43, 197
What are the prime factors of 1260?
2, 3, 5, 7
What are the prime factors of 11580?
2, 3, 5, 193
List the prime factors of 377.
13, 29
What are the prime factors of 246?
2, 3, 41
List the prime factors of 717.
3, 239
What are the prime factors of 326?
2, 163
List the prime factors of 5321.
17, 313
List the prime factors of 822.
2, 3, 137
List the prime factors of 4187.
53, 79
List the prime factors of 14194.
2, 47, 151
List the prime factors of 30173.
11, 13, 211
List the prime factors of 2837.
2837
List the prime factors of 19510.
2, 5, 1951
List the 